is -1000011101100110010101101101 + 100?
-1000011101100110010101101001
In base 15, what is 6 - 1635be?
-1635b8
In base 14, what is 2b30ac9 - 4?
2b30ac5
In base 7, what is -45002222363 + 5?
-45002222355
In base 15, what is -6 + -503d9d?
-503da4
In base 5, what is 11310412223 - 2?
11310412221
In base 10, what is 94664 + -221?
94443
In base 3, what is 222022220210000 - 11?
222022220202212
In base 16, what is 585dad - -6?
585db3
In base 16, what is 5 + -1f3af07?
-1f3af02
In base 2, what is 101010111001000111110010 + -110?
101010111001000111101100
In base 8, what is 7117 - 15162?
-6043
In base 12, what is 30808b791 - -5?
30808b796
In base 14, what is 10bc7 + 2368?
13151
In base 9, what is -20186200 + -5?
-20186205
In base 6, what is -10355 - -40234350?
40223551
In base 12, what is -122665 + -110?
-122775
In base 11, what is 2757129 + -9?
2757120
In base 13, what is 63c + 49b093?
49b702
In base 13, what is -210ac9a5 - 0?
-210ac9a5
In base 15, what is -35c471 + 33?
-35c43d
In base 7, what is -54054 - 1161?
-55245
In base 4, what is -202 - -1111033033?
1111032231
In base 2, what is 1011111000000011011101010 - 1110?
1011111000000011011011100
In base 12, what is -4 - 5620112?
-5620116
In base 13, what is 5 + -82aaa0?
-82aa98
In base 14, what is 4d - 31b8c?
-31b3d
In base 2, what is -110 - 10001111100011?
-10001111101001
In base 15, what is -95 - -24b4cb?
24b436
In base 7, what is 0 + -35223235?
-35223235
In base 13, what is 13 + 1c2a3b2?
1c2a3c5
In base 7, what is 5362 - 105150?
-66455
In base 15, what is -41804 - 78?
-4187c
In base 6, what is 5 - 15425231333?
-15425231324
In base 12, what is 1092 - 23ab3?
-22a21
In base 13, what is -506b6 - bb0?
-51596
In base 15, what is 720 - -53d37?
54557
In base 4, what is -103100121113 - 1300?
-103100123013
In base 8, what is 5 + -1366531601?
-1366531574
In base 12, what is -4318a - 84?
-43252
In base 9, what is -12320 - 28753?
-42173
In base 6, what is 2 + 1415513132?
1415513134
In base 7, what is 105 + -523032?
-522624
In base 3, what is 10000012212202 + -2000?
10000012210202
In base 12, what is 855 - 2954ba?
-294865
In base 3, what is 1201101 + -1101001110?
-1022100002
In base 4, what is -211301000 - -32230?
-211202110
In base 5, what is -14433040 + 34323?
-14343212
In base 4, what is -1232 + 333020031?
333012133
In base 10, what is 404822292 - -3?
404822295
In base 8, what is -27 - 555264?
-555313
In base 11, what is -26255 + -40?
-26295
In base 6, what is 54 + -1300152?
-1300054
In base 9, what is -26532336 + 7?
-26532328
In base 13, what is -25c3 + 1932?
-991
In base 16, what is 138f02 - 6?
138efc
In base 8, what is -3 - -51157563?
51157560
In base 4, what is -1 - 30030113301210?
-30030113301211
In base 14, what is -13d3c6 + 8?
-13d3bc
In base 13, what is -6 + -29780a0?
-29780a6
In base 3, what is -22 - 2210210002222?
-2210210010021
In base 15, what is -4 - 2a4e32?
-2a4e36
In base 15, what is -4 + 11405132?
1140512d
In base 9, what is 4381027 + 4?
4381032
In base 15, what is 52 + 1da56?
1daa8
In base 12, what is -33b - 7697?
-7a16
In base 14, what is 8a2d + -95?
8978
In base 7, what is 22 - 13260203?
-13260151
In base 9, what is 145718217 + 4?
145718222
In base 12, what is -224a2 - -1021?
-21481
In base 15, what is 20d5ebd + -4?
20d5eb9
In base 15, what is 416dd0 - -5?
416dd5
In base 15, what is 4813d - e?
4812e
In base 11, what is -151 + 238a375?
238a224
In base 16, what is -42ac178 - -3?
-42ac175
In base 2, what is 10000100101110000 + -101111000?
10000011111111000
In base 12, what is -1 - 13b6187?
-13b6188
In base 8, what is -435 - 573015?
-573452
In base 10, what is -102 - 4043660?
-4043762
In base 13, what is 111537 + -7?
111530
In base 15, what is 361d1 + b7?
36298
In base 2, what is -110 + -1000100101100000101001110101?
-1000100101100000101001111011
In base 9, what is 747547 - -14?
747562
In base 7, what is 12 - -1124631622?
1124631634
In base 3, what is 120002112201120 - 22?
120002112201021
In base 15, what is 6c4c4 + -a09?
6b9ba
In base 2, what is -1110110 - -110111111101111110011?
110111111101101111101
In base 10, what is -121 - 114824?
-114945
In base 16, what is -2 - -1356eba?
1356eb8
In base 5, what is -11 - -2203134?
2203123
In base 10, what is -2 + -11649857?
-11649859
In base 5, what is -113201302013 + 3?
-113201302010
In base 7, what is -3 - -364240200?
364240164
In base 14, what is -30d25d - c2?
-30d341
In base 4, what is -22031220 - 2132?
-22100012
In base 10, what is -40 + -18835?
-18875
In base 5, what is -1004 + 44111?
43102
In base 8, what is -70416370 + -20?
-70416410
In base 2, what is -101010111001100110111110 + -1?
-101010111001100110111111
In base 7, what is -23134 + 4615?
-15216
In base 9, what is 2 - -137474280?
137474282
In base 4, what is -31023 - 2103132?
-2200221
In base 8, what is 711 + -600010?
-577077
In base 4, what is -23001 - 2003223333?
-2003313000
In base 10, what is 15262 + -430?
14832
In base 2, what is 10111111100010 - 101011001000110?
-10011001100100
In base 6, what is -2012213105 - -1?
-2012213104
In base 16, what is de1 + 787?
1568
In base 14, what is 43b + 2116a?
215a7
In base 6, what is -3 + -1101453012?
-1101453015
In base 3, what is 211 + -1121122011210110?
-1121122011202122
In base 16, what is b2 + -32da5?
-32cf3
In base 13, what is -3 - 661c41?
-661c44
In base 10, what is 6 + -5251216?
-5251210
In base 9, what is -2 - 14580626?
-14580628
In base 12, what is 24466a + -5?
244665
In base 4, what is 10021021 + 211102?
10232123
In base 10, what is -15 - -3676822?
3676807
In base 8, what is 53 + 1575376?
1575451
In base 11, what is -1a - 178884?
-1788a3
In base 4, what is 102223333333 - -1101?
102230001100
In base 8, what is -5757131 + -7?
-5757140
In base 13, what is 792 + -7523?
-6a61
In base 4, what is 3131132212001 - -13?
3131132212020
In base 2, what is -11101101110111111 + -100111110?
-11101110011111101
In base 2, what is 1001101000101011100010 + -101111?
1001101000101010110011
In base 5, what is 120211 + -4341?
110320
In base 3, what is 101021201 + 122010?
101220211
In base 12, what is 3a651 + -282?
3a38b
In base 2, what is -101001011101000111 + -10101000?
-101001011111101111
In base 2, what is -10001011 + 1001110101110111?
1001110011101100
In base 8, what is 23 - -3757242?
3757265
In base 12, what is b7 - 1126a7?
-1125b0
In base 15, what is -4a9 + -6739?
-6be3
In base 4, what is 2 + 13120312011?
13120312013
In base 3, what is -11020122112000120 + -1?
-11020122112000121
In base 3, what is -10002101 + 1222100?
-1010001
In base 3, what is -21021 + -2000111222?
-2000210020
In base 16, what is 1 - -12b5c02?
12b5c03
In base 16, what is -5 + 3b0524a?
3b05245
In base 6, what is 50313031 + 1014?
50314045
In base 6, what is 442101 + 1140?
443241
In base 16, what is -7 + 34a215?
34a20e
In base 16, what is -2fb6 - -d?
-2fa9
In base 4, what is 203323200000 + 10?
203323200010
In base 16, what is -38 - -5a260?
5a228
In base 7, what is 4014 + 2236?
6253
In base 8, what is -23 + 154673727?
154673704
In base 9, what is 10131 + 1126?
11257
In base 2, what is -1000010111101101111011 + 10?
-1000010111101101111001
In base 5, what is -23013231334 + 1?
-23013231333
In base 9, what is 482114742 + -2?
482114740
In base 5, what is -122404411042 - -3?
-122404411034
In base 10, what is -44 + 2385704?
2385660
In base 10, what is -7226269 - -9?
-7226260
In base 14, what is 67dc8 - -15a?
68144
In base 7, what is -213410 - 15024?
-231434
In base 15, what is -68aa72 - -64?
-68aa0d
In base 3, what is 12201020121 + -221220?
12200021201
In base 5, what is -12 - -1100142110?
1100142043
In base 12, what is 215675 + -31?
215644
In base 11, what is -7500466 - -2?
-7500464
In base 5, what is 10214 - 30303022?
-30242303
In base 6, what is -354433301 + -5?
-354433310
In base 11, what is -2980659 + 7?
-2980652
In base 7, what is 1232 + -14305516?
-14304254
In base 6, what is 135 - 14343431?
-14343252
In base 6, what is -21503 - -15053?
-2410
In base 16, what is -2 - -4631f9?
4631f7
In base 2, what is 110010111010101110 - -1100011010?
110011000111001000
In base 14, what is 1a02c + 1c5?
1a213
In base 10, what is -2 + 9780542?
9780540
In base 6, what is -230 + 33451304?
33451034
In base 2, what is -11101111000001110011 - 111?
-11101111000001111010
In base 15, what is -4 - 92844?
-92848
In base 9, 